 1306510680?
0
What is the hundred thousands digit of 226991182?
9
What is the ten thousands digit of 27396874?
9
What is the ten millions digit of 16524798?
1
What is the tens digit of 980131450?
5
What is the ten millions digit of 41360343?
4
What is the tens digit of 2073171554?
5
What is the units digit of 98714073?
3
What is the ten millions digit of 371114055?
7
What is the thousands digit of 247036983?
6
What is the tens digit of 3395459?
5
What is the millions digit of 486845156?
6
What is the ten millions digit of 326009851?
2
What is the units digit of 406786393?
3
What is the tens digit of 279570205?
0
What is the ten millions digit of 1270825937?
7
What is the hundred thousands digit of 14618616?
6
What is the hundred thousands digit of 10660312?
6
What is the units digit of 2631714867?
7
What is the millions digit of 1363074272?
3
What is the ten thousands digit of 4255236954?
3
What is the hundreds digit of 191485606?
6
What is the ten thousands digit of 406637854?
3
What is the ten thousands digit of 72970520?
7
What is the ten millions digit of 242560109?
4
What is the hundred thousands digit of 128692473?
6
What is the ten millions digit of 64128122?
6
What is the thousands digit of 305058562?
8
What is the thousands digit of 140243964?
3
What is the ten thousands digit of 178357557?
5
What is the ten millions digit of 486940139?
8
What is the units digit of 36742147?
7
What is the ten thousands digit of 1320680886?
8
What is the millions digit of 17708806?
7
What is the ten thousands digit of 316335041?
3
What is the hundreds digit of 119567?
5
What is the units digit of 23952815?
5
What is the tens digit of 2269850517?
1
What is the ten millions digit of 41295117?
4
What is the thousands digit of 4257833842?
3
What is the billions digit of 4687846015?
4
What is the millions digit of 1423351676?
3
What is the tens digit of 13099825?
2
What is the hundred millions digit of 146885561?
1
What is the ten millions digit of 43850583?
4
What is the millions digit of 2051349?
2
What is the tens digit of 124921250?
5
What is the units digit of 34091495?
5
What is the millions digit of 35806877?
5
What is the ten thousands digit of 356786883?
8
What is the ten millions digit of 117722665?
1
What is the units digit of 93341310?
0
What is the hundreds digit of 1157081216?
2
What is the tens digit of 67473511?
1
What is the units digit of 520033013?
3
What is the thousands digit of 425735456?
5
What is the hundred thousands digit of 101802083?
8
What is the thousands digit of 758146261?
6
What is the ten millions digit of 334716939?
3
What is the hundred millions digit of 540797311?
5
What is the hundred thousands digit of 36089893?
0
What is the thousands digit of 1314960000?
0
What is the hundreds digit of 151899984?
9
What is the ten thousands digit of 1257930243?
3
What is the hundred millions digit of 177533943?
1
What is the hundred thousands digit of 35674860?
6
What is the units digit of 6682083?
3
What is the hundred millions digit of 1542018565?
5
What is the millions digit of 152230203?
2
What is the units digit of 119231416?
6
What is the hundred thousands digit of 1901101270?
1
What is the ten thousands digit of 2116688912?
8
What is the tens digit of 224994653?
5
What is the ten millions digit of 234688733?
3
What is the thousands digit of 10058602?
8
What is the millions digit of 24360945?
4
What is the ten thousands digit of 2529034710?
3
What is the units digit of 102300064?
4
What is the hundreds digit of 283394138?
1
What is the ten millions digit of 1978942698?
7
What is the ten millions digit of 82025604?
8
What is the ten millions digit of 415758985?
1
What is the ten millions digit of 1765231123?
6
What is the ten thousands digit of 170608134?
0
What is the billions digit of 1499192453?
1
What is the thousands digit of 305608597?
8
What is the thousands digit of 8179988481?
8
What is the units digit of 96501849?
9
What is the ten millions digit of 795677654?
9
What is the tens digit of 234694654?
5
What is the ten thousands digit of 47548434?
4
What is the hundred thousands digit of 49489239?
4
What is the ten millions digit of 96038998?
9
What is the millions digit of 832618787?
2
What is the hundreds digit of 1863958971?
9
What is the millions digit of 558487844?
8
What is the ten millions digit of 67102356?
6
What is the units digit of 147987917?
7
What is the millions digit of 171447033?
1
What is the units digit of 1228106805?
5
What is the ten thousands digit of 1172423896?
2
What is the hundred thousands digit of 225871333?
8
What is the units digit of 195046977?
7
What is the ten thousands digit of 36068394?
6
What is the ten thousands digit of 519521480?
2
What is the tens digit of 1894709703?
0
What is the tens digit of 34511815?
1
What is the hundred millions digit of 582892712?
5
What is the ten thousands digit of 606703281?
0
What is the millions digit of 562379112?
2
What is the ten thousands digit of 39221376?
2
What is the tens digit of 80204916?
1
What is the hundred thousands digit of 229809138?
8
What is the billions digit of 3179518494?
3
What is the ten thousands digit of 71806383?
0
What is the hundred thousands digit of 35878256?
8
What is the hundred thousands digit of 32505082?
5
What is the thousands digit of 45000290?
0
What is the millions digit of 204247721?
4
What is the units digit of 388337480?
0
What is the hundred thousands digit of 152797196?
7
What is the ten thousands digit of 12145122?
4
What is the hundred millions digit of 371002508?
3
What is the thousands digit of 704783270?
3
What is the hundred millions digit of 214876224?
2
What is the ten millions digit of 416221675?
1
What is the thousands digit of 208464369?
4
What is the ten thousands digit of 63211301?
1
What is the billions digit of 1516635752?
1
What is the units digit of 4076451649?
9
What is the tens digit of 11632328?
2
What is the millions digit of 98648772?
8
What is the ten thousands digit of 72206520?
0
What is the tens digit of 23297285?
8
What is the ten millions digit of 19213724?
1
What is the millions digit of 3997807?
3
What is the hundred thousands digit of 381826163?
8
What is the thousands digit of 988100519?
0
What is the hundred millions digit of 138063551?
1
What is the hundred thousands digit of 38624917?
6
What is the hundreds digit of 7415527?
5
What is the hundreds digit of 41446041?
0
What is the units digit of 6060670122?
2
What is the hundred thousands digit of 35913542?
9
What is the ten millions digit of 430993011?
3
What is the units digit of 111621771?
1
What is the billions digit of 1284153186?
1
What is the hundred thousands digit of 82118051?
1
What is the ten millions digit of 229033201?
2
What is the millions digit of 12493794?
2
What is the ten millions digit of 3601670233?
0
What is the tens digit of 283174953?
5
What is the millions digit of 114209113?
4
What is the ten millions digit of 982801787?
8
What is the hundreds digit of 71975019?
0
What is the ten thousands digit of 140727343?
2
What is the hundred thousands digit of 77020037?
0
What is the hundreds digit of 528285004?
0
What is the units digit of 490649879?
9
What is the units digit of 104881360?
0
What is the billions digit of 3926317619?
3
What is the billions digit of 1201780390?
1
What is the hundreds digit of 65353380?
3
What is the billions digit of 3660251485?
3
What is the hundreds digit of 91404900?
9
What is the units digit of 1186944958?
8
What is the billions digit of 3545330404?
3
What is the hundred thousands digit of 34891261?
8
What is the ten thousands digit of 3453872227?
7
What is the tens digit of 44625195?
9
What is the billions digit of 1735706153?
1
What is the thousands digit of 153856214?
6
What is the hundred thousands digit of 93612638?
6
What is the hundred millions digit of 2689850795?
6
What is the hundreds digit of 16926233?
2
What is the tens digit of 4167124221?
2
What is the units digit of 3445382447?
7
What is the hundreds digit of 35963592?
5
What is the thousands digit of 614433370?
3
What is the millions digit of 779925319?
9
What is the millions digit of 2048510017?
8
What is the tens digit of 26944552?
5
What is the hundred millions digit of 1808720119?
8
What is the ten t